ose -r - 6*r - 36703 = -24*r. What is the greatest common factor of r and 381?
127
Suppose -2*p - 11 = -3*s, 0 = -7*p + 11*p - 20. Suppose 1722 = -s*b + 10*b. Calculate the highest common divisor of 82 and b.
82
Let b(a) = -a**3 + 13*a**2 - 5*a - 3. Let k be b(11). What is the highest common divisor of k and 8?
8
Suppose 120*m = 2*m + 118. Calculate the highest common divisor of 32 and m.
1
Suppose -27*r + 256 = -26*r. Let l be -8 + 5 - 149/(-1). Suppose 5*z - l = 14. Calculate the highest common factor of z and r.
32
Let z be 4/(-3 - (-5 - 0)). Suppose -4*r + 4 = -d, z*r = 5*r + 4*d + 16. Suppose f - 32 - 32 = r. What is the highest common divisor of 16 and f?
16
Suppose 13*f - 17 = 22. Suppose -3*h = -f*j + 2*h + 43, 2*h + 10 = 0. What is the greatest common divisor of j and 78?
6
Let d(n) = 18*n**2 + 5*n + 2. Let i be d(-4). Let b(c) = -8*c**3 - 91*c**2 - 33*c + 10. Let f be b(-11). What is the highest common factor of f and i?
10
Let d be -315*30/(-36)*8/20. Let u be 2*(-5)/(15/6). Let p be (0 + 34 + u)/2. What is the highest common factor of d and p?
15
Let r(v) = -v**2 + 7*v - 9. Let l be r(6). Let u be -3 - 29*l/1. Suppose -41 = -3*m + 5*k - 6*k, 2*m = k + 19. Calculate the greatest common factor of u and m.
12
Let q be (-10)/(-2) + (159 - -1). Suppose 5*x - 190 = -2*b, -8*x + 3*b + q = -3*x. Calculate the greatest common factor of 48 and x.
12
Suppose 3*b + 49*l - 1899 = 46*l, -5*l - 20 = 0. Calculate the greatest common factor of b and 35.
7
Let g(j) = -j**3 - j**2 + 55*j + 22. Let a be g(-8). What is the highest common divisor of a and 2100?
30
Let p be (-3)/(-2) + (-5)/2 + 6. Let r be 1*11 - (p - (-2)/(-1)). Suppose -9*w + 15 = -r*w. Calculate the highest common divisor of 10 and w.
5
Let l(z) = 8*z + 57. Let s = -98 - -93. Let a be l(s). Calculate the greatest common factor of a and 136.
17
Suppose -5*c = -2*f + 10286, 5*f - 41*c + 44*c = 25653. What is the greatest common factor of f and 87?
87
Let n(b) = b**3 + 8*b**2 + 5*b + 19. Let a be n(-9). Let j = 1 - a. Let q be (-12)/9*-3 - -8. What is the greatest common divisor of q and j?
12
Suppose 6*v + 209 - 257 = 0. What is the greatest common factor of v and 6728?
8
Let y be (-9)/21 - 73/7*-1. Let g be (31 + -26)/(y/12). What is the highest common divisor of 6 and g?
6
Suppose -3*q - 48 = -7*q. Let z(f) = f**3 + 27*f**2 + 49*f - 9. Suppose -25 = -135*k + 136*k. Let x be z(k). Calculate the highest common divisor of x and q.
4
Suppose -5*q - 505 = -4*k, 2*k - 6*k = -q - 485. Let y be (320/100)/(1/5). What is the highest common divisor of y and k?
8
Let o(g) = 53*g - 12. Let l be o(-3). Let p = 236 + l. Calculate the highest common factor of 169 and p.
13
Let v be ((70/(-8))/7)/((-6)/144). Let m = 38 - -32. Let h = m - 40. What is the highest common factor of v and h?
30
Let y be ((-147)/(-98))/(3/2). Let x(g) = 41*g**3 + 7*g**2 - 9*g + 1. Let f be x(y). Calculate the highest common divisor of f and 1280.
40
Suppose 66873 = 520*o - 83475 - 267732. What is the greatest common factor of o and 1273?
67
Let v(r) = -r**3 + 34*r**2 - 33*r. Let q be v(33). Suppose -17*h - 4*h + 315 = q. Let b = -17 - -62. What is the highest common divisor of b and h?
15
Suppose -15 = 4*a - 7*a + j, -25 = -5*a + j. Calculate the highest common factor of 5960 and a.
5
Let r(p) = 37*p. Let v be r(1). Suppose 0 = -0*m - 3*m - b + 109, b - v = -m. What is the greatest common factor of 36 and m?
36
Let n = -927 - -967. Let x be 282 - n/(-24)*3. What is the greatest common factor of 7 and x?
7
Let l be 6/10*20*(-36)/(-48). Suppose l*f = 162 - 117. Calculate the greatest common factor of 1 and f.
1
Let w(i) = 24*i + 43. Suppose -8 = c - g, -2*c - 4*g + 5*g - 21 = 0. Let v be w(c). Let k = 503 + v. Calculate the greatest common factor of 26 and k.
26
Let j = -634 - -976. Let w = 657 - j. Calculate the greatest common factor of w and 189.
63
Let r(f) be the third derivative of f**6/120 + 7*f**5/12 + 4*f**4/3 + 35*f**3/3 + 3*f**2 + f. Let m be r(-34). Calculate the highest common divisor of 69 and m.
69
Let t(c) = c - 1. Let u be t(1). Suppose 4*m + 3*s + 211 = u, s + s + 262 = -5*m. Let f = m - -118. What is the highest common divisor of 44 and f?
22
Suppose -54*w + 775 = 18*w - 4265. What is the greatest common factor of 8120 and w?
70
Let a be (4 - 13) + -6 - -107. Calculate the highest common divisor of a and 4876.
92
Let q = -70 - -205. What is the highest common divisor of q and 1170?
45
Suppose 4*c = 4*f - 769 + 141, 0 = 2*f + 5*c - 342. Let b(m) = -m**3 + 10*m**2 - 9*m + 7. Let p be b(9). What is the highest common divisor of f and p?
7
Let m(n) = 2*n**2 - 33*n - 12. Let p be m(17). Suppose p*y + 4*o = 172 + 146, y - o = 60. What is the highest common factor of 434 and y?
62
Let t(r) = -274*r + 255. Let d be t(2). Suppose 5*v - 1873 = 672. Let h = d + v. Calculate the greatest common divisor of h and 24.
24
Let s(j) = 5*j**2. Let o be s(2). Let t be (20/(-25))/(2 - 24/15). Let a be (-24)/(-6) - -214 - t. Calculate the highest common divisor of o and a.
20
Let j = -12039 - -12096. What is the greatest common factor of 123 and j?
3
Let d = -81 - -99. Suppose -4*t - 1764 = -d*t. What is the highest common divisor of t and 18?
18
Suppose -1629 = -473*z + 469*z + f, 1647 = 4*z + 5*f. Calculate the highest common factor of 456 and z.
24
Let w = 2454 + -2259. What is the greatest common factor of 1080 and w?
15
Let l = -99 - -163. Let f(z) = -z**2 - 13*z + 6. Let n be f(-10). Suppose -2*r = 20 - n. What is the greatest common factor of r and l?
8
Suppose 2607 - 976 = 7*p. Let c = p - 212. Calculate the greatest common factor of 18 and c.
3
Let l(q) = -110*q - 415. Let r be l(-4). What is the greatest common factor of r and 3475?
25
Let u = 3487 - 3172. What is the highest common divisor of u and 231?
21
Let g(s) = s**3 - 15*s**2 + 8*s + 81. Let x be g(14). Let z be (-224)/x - (-8)/(-12). Calculate the greatest common factor of 37 and z.
37
Let g be ((-1876)/(-168))/((-8)/(-1392)). What is the highest common divisor of 67 and g?
67
Suppose 3*i = 4*u + 140, -51*i - 4*u + 140 = -47*i. Calculate the highest common divisor of i and 52.
4
Let h = 15 + -11. Let d(u) = u**3 + 6*u**2 - 22*u + 76. Let t be d(0). What is the highest common divisor of h and t?
4
Suppose 9*n - 24*n = -25*n + 12000. What is the greatest common divisor of n and 1280?
80
Suppose -3*x + 705 = -2*x - 3*n, 3*x - 2157 = -5*n. Let a be (x + -10)*(-2)/(-5 - -3). Calculate the highest common divisor of 44 and a.
44
Suppose -4*l + 2 - 7 = -3*h, 0 = 2*h - 3*l - 3. Let p(o) = -33*o - 137. Let i be p(-4). Let x = h - i. What is the highest common divisor of x and 88?
8
Let g = -16544 + 16551. What is the highest common divisor of 20041 and g?
7
Suppose -o = -5*o - 1512. Let p = o + 651. Suppose 2*m - 79 = 2*x - 9, 5*m + 4*x - 211 = 0. What is the greatest common factor of m and p?
39
Suppose -26*o - 480 = -29*o. Let r(j) = -j**3 - 6*j**2 - 2*j - 23. Let s be r(-7). Calculate the greatest common factor of s and o.
40
Suppose 3*x + 248*m = 246*m + 13615, 3*m = x - 4542. What is the greatest common factor of 51 and x?
51
Suppose 35*c - 48*c + 182 = 0. What is the greatest common divisor of c and 89?
1
Let u = 1116 - 1111. Let g be (10/(-15))/(2/(-939)). Suppose -u*r = 2*l - 93 - 85, -g = -3*l + 4*r. Calculate the greatest common divisor of 11 and l.
11
Let u(q) = 27*q + 1522. Let l be u(-46). Let s = 39 + -9. Calculate the greatest common divisor of s and l.
10
Let n be (-1 + -1 + -5)/(-1). Let w = n - -10. What is the highest common factor of 527 and w?
17
Suppose 7*h - 8*h + 10406 = 3*i, i + 4*h = 3454. Calculate the highest common factor of i and 20.
10
Let o be 1/(-5) - 9/(-45). Suppose 18*i - 59*i + 7995 = o. What is the highest common divisor of i and 325?
65
Let j = -7 + 16. Suppose j*b - 4*a = 6*b + 29, -a = 5. What is the highest common factor of b and 93?
3
Suppose -8 = 3*d - 2*b, b = -3 + 1. Let h be ((-4)/d)/(-3)*6 - -26. Suppose 3*v = 4*i + 64, -v - i + 18 = -8. What is the highest common divisor of v and h?
24
Suppose 0 = -2*t + 5*v + 127, -24*t + 28*t - 4*v = 224. Calculate the highest common factor of 2159 and t.
17
Suppose 388*h - 383*h - 220 = 0. Let f be (-725)/(-55) + 0 - 8/h. What is the highest common factor of f and 559?
13
Let c = -